139, 193, 14419
What are the prime factors of 1695296486?
2, 13, 47, 1387313
What are the prime factors of 626471637?
3, 11, 18983989
List the prime factors of 2635910035.
5, 11, 2551, 18787
What are the prime factors of 1048302900?
2, 3, 5, 53, 21977
List the prime factors of 312529400.
2, 5, 1562647
What are the prime factors of 101295463?
29, 557, 6271
What are the prime factors of 3836524196?
2, 959131049
What are the prime factors of 1941187773?
3, 7, 467, 28277
What are the prime factors of 2801150895?
3, 5, 186743393
List the prime factors of 412359687.
3, 83, 184007
What are the prime factors of 2217328231?
2217328231
What are the prime factors of 222150443?
222150443
What are the prime factors of 41672749?
233, 178853
List the prime factors of 3657420363.
3, 37, 137, 240509
List the prime factors of 2748432748.
2, 23, 29874269
List the prime factors of 98784913.
181, 545773
List the prime factors of 202593704.
2, 83, 305111
List the prime factors of 56367156.
2, 3, 191, 24593
What are the prime factors of 831914538?
2, 3, 7, 13, 1523653
List the prime factors of 281424119.
103, 2732273
List the prime factors of 3141492458.
2, 13, 17, 149, 47701
List the prime factors of 212715457.
212715457
List the prime factors of 184671023.
184671023
List the prime factors of 62447958.
2, 3, 757, 4583
What are the prime factors of 257094871?
11, 19, 111829
List the prime factors of 242021408.
2, 7563169
List the prime factors of 22892187.
3, 827, 9227
List the prime factors of 92225495.
5, 127, 311, 467
What are the prime factors of 691255210?
2, 5, 59, 1171619
List the prime factors of 368148054.
2, 3, 61, 293, 3433
What are the prime factors of 14791333?
73, 202621
List the prime factors of 206398166.
2, 13, 59, 157, 857
List the prime factors of 105154189.
7, 19, 790633
List the prime factors of 9009575375.
5, 4337, 16619
What are the prime factors of 5111307903?
3, 13, 2909, 45053
List the prime factors of 130044472.
2, 619, 26261
What are the prime factors of 12271860?
2, 3, 5, 79, 863
What are the prime factors of 90858079?
13, 937, 7459
What are the prime factors of 293815540?
2, 5, 199, 73823
List the prime factors of 161770701.
3, 73, 691, 1069
List the prime factors of 164813489.
6329, 26041
List the prime factors of 38745794.
2, 89, 109, 1997
What are the prime factors of 1084162753?
23, 53, 38669
List the prime factors of 236966319.
3, 26329591
List the prime factors of 955890896.
2, 59743181
List the prime factors of 943698358.
2, 151, 3124829
What are the prime factors of 673906906?
2, 336953453
What are the prime factors of 59266552?
2, 617, 12007
List the prime factors of 26195544.
2, 3, 47, 7741
What are the prime factors of 332818221?
3, 313, 354439
List the prime factors of 729433030.
2, 5, 1021, 71443
List the prime factors of 776769153.
3, 19, 13627529
What are the prime factors of 466380345?
3, 5, 379, 82037
What are the prime factors of 55670712?
2, 3, 2319613
What are the prime factors of 218992618?
2, 13, 31, 271703
What are the prime factors of 976017593?
19, 2377, 21611
List the prime factors of 57696374.
2, 23, 1254269
List the prime factors of 946106365.
5, 41, 4615153
List the prime factors of 58529217.
3, 3433, 5683
What are the prime factors of 962193358?
2, 7, 59, 109, 10687
List the prime factors of 5338884.
2, 3, 17, 26171
List the prime factors of 1957408.
2, 61169
What are the prime factors of 3745252784?
2, 7, 13, 2572289
What are the prime factors of 1354475376?
2, 3, 9406079
List the prime factors of 75491359.
23, 37, 43, 2063
List the prime factors of 2274958684.
2, 31, 18346441
List the prime factors of 4063820875.
5, 32510567
List the prime factors of 40008342.
2, 3, 11, 29, 20903
List the prime factors of 248623933.
149, 1668617
List the prime factors of 407906040.
2, 3, 5, 677, 5021
List the prime factors of 62215805.
5, 23, 541007
List the prime factors of 246248305.
5, 853, 57737
What are the prime factors of 404667509?
47, 101, 85247
List the prime factors of 80905058.
2, 13, 103, 30211
What are the prime factors of 171563738?
2, 85781869
List the prime factors of 371568575.
5, 7, 17, 124897
What are the prime factors of 48149675?
5, 7, 503, 547
What are the prime factors of 228651014?
2, 41, 2788427
What are the prime factors of 7097165992?
2, 7, 83, 1526929
List the prime factors of 1055417581.
317, 1487, 2239
List the prime factors of 257067638.
2, 37, 3473887
List the prime factors of 191013072.
2, 3, 31, 137, 937
List the prime factors of 162199665.
3, 5, 619, 647
What are the prime factors of 41749692?
2, 3, 23, 331, 457
What are the prime factors of 766555337?
3469, 220973
What are the prime factors of 526983810?
2, 3, 5, 19, 67, 13799
List the prime factors of 859236848.
2, 17, 19, 53, 3137
List the prime factors of 1707215797.
7, 19, 643, 19963
What are the prime factors of 323892250?
2, 5, 11, 117779
What are the prime factors of 73260338?
2, 36630169
What are the prime factors of 17237771?
101, 103, 1657
List the prime factors of 5131871984.
2, 1091, 293989
What are the prime factors of 13539030?
2, 3, 5, 451301
What are the prime factors of 4608287224?
2, 29, 19863307
List the prime factors of 197987740.
2, 5, 37, 267551
What are the prime factors of 238404871?
238404871
What are the prime factors of 1982342905?
5, 396468581
What are the prime factors of 216042836?
2, 43, 1256063
List the prime factors of 363186378.
2, 3, 20177021
List the prime factors of 5280986284.
2, 7, 17, 107, 103687
What are the prime factors of 2290891242?
2, 3, 381815207
List the prime factors of 3394671596.
2, 71, 193, 61933
What are the prime factors of 110541265?
5, 22108253
List the prime factors of 493465742.
2, 7, 11, 857, 3739
What are the prime factors of 4898713179?
3, 1632904393
What are the prime factors of 192505398?
2, 3, 89, 360497
What are the prime factors of 2599472?
2, 37, 4391
What are the prime factors of 145711123?
149, 977927
List the prime factors of 152682946.
2, 13, 5872421
List the prime factors of 6426043601.
167, 3947, 9749
What are the prime factors of 4150076894?
2, 33587, 61781
What are the prime factors of 148720868?
2, 37180217
What are the prime factors of 1698724400?
2, 5, 617, 6883
List the prime factors of 754317397.
754317397
List the prime factors of 3092446891.
3092446891
List the prime factors of 373366093.
19, 109, 139, 1297
What are the prime factors of 85796493?
3, 113, 337, 751
List the prime factors of 370260673.
1193, 310361
What are the prime factors of 126727520?
2, 5, 17, 46591
What are the prime factors of 2066635554?
2, 3, 344439259
List the prime factors of 1905017352.
2, 3, 7, 11339389
What are the prime factors of 502729618?
2, 41, 6130849
List the prime factors of 1505476485.
3, 5, 227, 293, 503
What are the prime factors of 5885869170?
2, 3, 5, 196195639
List the prime factors of 50295143.
50295143
List the prime factors of 329933983.
6917, 47699
What are the prime factors of 20041429?
83, 241463
What are the prime factors of 64812785?
5, 31, 67, 79
What are the prime factors of 3419850541?
37, 92428393
What are the prime factors of 400760423?
7, 61, 71, 13219
List the prime factors of 114314357.
114314357
What are the prime factors of 2483714355?
3, 5, 37, 53, 84437
List the prime factors of 122091718.
2, 7, 8720837
What are the prime factors of 4244522424?
2, 3, 439, 402859
What are the prime factors of 31291876?
2, 7, 11, 283, 359
List the prime factors of 159185052.
2, 3, 13, 47, 7237
What are the prime factors of 406802902?
2, 11, 41, 607, 743
What are the prime factors of 1251796287?
3, 7, 8515621
List the prime factors of 20121632.
2, 628801
What are the prime factors of 137430234?
2, 3, 59, 151, 857
List the prime factors of 75828808.
2, 11, 861691
List the prime factors of 169319950.
2, 5, 3386399
List the prime factors of 914022081.
3, 7, 521, 27847
What are the prime factors of 8083840?
2, 5, 17, 743
What are the prime factors of 304947341?
31, 59, 137, 1217
List the prime factors of 110997957.
3, 7, 937, 5641
List the prime factors of 62402469.
3, 449, 46327
List the prime factors of 2801673.
3, 7, 6353
List the prime factors of 4193208625.
5, 61, 379, 1451
List the prime factors of 1980790181.
163, 457, 26591
What are the prime factors of 5